e prime factors of 895193865?
3, 5, 19893197
What are the prime factors of 77050625?
5, 43, 47, 61
List the prime factors of 3496518236.
2, 23, 1543, 24631
What are the prime factors of 59672001?
3, 269, 73943
What are the prime factors of 140857938?
2, 3, 13, 43, 13999
What are the prime factors of 75999029?
75999029
List the prime factors of 102282716.
2, 47, 89, 6113
What are the prime factors of 3283670743?
73, 44981791
What are the prime factors of 402765895?
5, 7, 19, 127, 251
List the prime factors of 82292070.
2, 3, 5, 7, 17, 37, 89
What are the prime factors of 6141206743?
7, 547, 1603867
List the prime factors of 199619321.
11, 17, 193, 5531
What are the prime factors of 605384?
2, 13, 5821
What are the prime factors of 53907095?
5, 11, 53, 18493
What are the prime factors of 162182699?
7, 3309851
List the prime factors of 202260921.
3, 67420307
List the prime factors of 717936718.
2, 137, 2620207
List the prime factors of 367136284.
2, 17, 1213, 4451
List the prime factors of 587069370.
2, 3, 5, 724777
List the prime factors of 511739335.
5, 1453, 70439
List the prime factors of 152201766.
2, 3, 157, 161573
List the prime factors of 72476869.
72476869
What are the prime factors of 1475668363?
13, 113512951
List the prime factors of 7745125153.
607, 12759679
What are the prime factors of 422653570?
2, 5, 227, 186191
What are the prime factors of 55708090?
2, 5, 293, 19013
What are the prime factors of 1759194776?
2, 211, 359, 2903
List the prime factors of 505639614.
2, 3, 61, 1381529
What are the prime factors of 85084972?
2, 7, 434107
What are the prime factors of 329501049?
3, 73, 1504571
List the prime factors of 118265391.
3, 13140599
What are the prime factors of 2030264521?
271, 389, 19259
What are the prime factors of 80579939?
11, 7325449
What are the prime factors of 589318511?
7283, 80917
What are the prime factors of 153690145?
5, 7, 19, 239, 967
List the prime factors of 1111332805.
5, 11, 1613, 12527
List the prime factors of 64351486.
2, 32175743
What are the prime factors of 229672836?
2, 3, 19, 479, 701
What are the prime factors of 920948243?
43, 271, 79031
List the prime factors of 2549127468.
2, 3, 281, 755969
What are the prime factors of 74562963?
3, 24854321
What are the prime factors of 404062769?
11, 241, 152419
What are the prime factors of 59038580?
2, 5, 47, 181, 347
List the prime factors of 153246046.
2, 223, 343601
What are the prime factors of 307697023?
307697023
What are the prime factors of 878076719?
13, 67544363
What are the prime factors of 124708438?
2, 19, 23, 97, 1471
List the prime factors of 1966655675.
5, 78666227
List the prime factors of 406413670.
2, 5, 13, 1511, 2069
List the prime factors of 6586327865.
5, 13, 19, 5333059
List the prime factors of 137504798.
2, 43, 47, 34019
List the prime factors of 1869178891.
233, 8022227
List the prime factors of 130003290.
2, 3, 5, 1444481
List the prime factors of 33545802.
2, 3, 1423, 3929
What are the prime factors of 25931334?
2, 3, 11, 13, 30223
List the prime factors of 49894245.
3, 5, 23, 16069
List the prime factors of 32986584.
2, 3, 19, 24113
What are the prime factors of 8437797?
3, 17, 31, 593
What are the prime factors of 2644770857?
43, 223, 275813
What are the prime factors of 67058560?
2, 5, 104779
List the prime factors of 36848144.
2, 19, 53, 2287
What are the prime factors of 102504743?
11, 9318613
List the prime factors of 544898198.
2, 13, 23, 911201
What are the prime factors of 4529417174?
2, 109, 443, 46901
List the prime factors of 281038625.
5, 7, 321187
List the prime factors of 32954225.
5, 1318169
List the prime factors of 2506561.
2506561
List the prime factors of 423171375.
3, 5, 11, 102587
What are the prime factors of 29474403?
3, 7, 311, 4513
List the prime factors of 1528801596.
2, 3, 7, 6066673
List the prime factors of 66941227.
211, 317257
What are the prime factors of 70266989?
13, 41, 10141
List the prime factors of 97673027.
97673027
What are the prime factors of 926665484?
2, 1409, 164419
What are the prime factors of 159709746?
2, 3, 7, 23, 165331
What are the prime factors of 204882854?
2, 11, 29, 71, 4523
List the prime factors of 47514742.
2, 11, 43, 50227
List the prime factors of 1771316496.
2, 3, 17, 19, 38083
List the prime factors of 93015333.
3, 10335037
What are the prime factors of 29167106?
2, 14583553
What are the prime factors of 775945897?
3191, 243167
What are the prime factors of 428128249?
59, 2659, 2729
List the prime factors of 46100149.
151, 163, 1873
What are the prime factors of 127439794?
2, 63719897
List the prime factors of 413262922.
2, 31, 61, 113, 967
List the prime factors of 60323701.
17, 47, 103, 733
List the prime factors of 243025393.
13, 18694261
List the prime factors of 1078307532.
2, 3, 19, 525491
List the prime factors of 504802300.
2, 5, 73, 69151
What are the prime factors of 50556624?
2, 3, 1053263
List the prime factors of 34746816.
2, 3, 13, 13921
What are the prime factors of 60523780?
2, 5, 31, 47, 67
What are the prime factors of 124574346?
2, 3, 13, 47, 241
What are the prime factors of 6914705231?
7, 987815033
List the prime factors of 186096386.
2, 7, 67, 198397
What are the prime factors of 261945449?
1511, 173359
List the prime factors of 89844322.
2, 44922161
List the prime factors of 282853329.
3, 11, 1493, 5741
List the prime factors of 99239534.
2, 59, 841013
List the prime factors of 1753532261.
13, 134887097
What are the prime factors of 19543208?
2, 1277, 1913
List the prime factors of 512810059.
139, 3689281
What are the prime factors of 65272499?
7867, 8297
What are the prime factors of 461809218?
2, 3, 13, 107, 55333
What are the prime factors of 345418673?
2281, 151433
List the prime factors of 880772086.
2, 41, 10741123
What are the prime factors of 3922126859?
7, 560303837
What are the prime factors of 1295461776?
2, 3, 7, 3855541
What are the prime factors of 378220369?
17, 1097, 1193
List the prime factors of 106688427.
3, 37, 961157
List the prime factors of 488473128.
2, 3, 11, 13, 19, 227
List the prime factors of 357861909.
3, 757, 157579
What are the prime factors of 831618263?
7, 73, 643, 2531
List the prime factors of 1350266439.
3, 450088813
List the prime factors of 2179265072.
2, 37, 3681191
What are the prime factors of 44934374?
2, 83, 270689
List the prime factors of 6200245752.
2, 3, 258343573
What are the prime factors of 100070273?
271, 369263
List the prime factors of 65135934.
2, 3, 271, 4451
List the prime factors of 24488053.
569, 43037
List the prime factors of 217915118.
2, 53, 919, 2237
List the prime factors of 79957519.
61, 1310779
What are the prime factors of 13302573?
3, 37, 41, 79
List the prime factors of 228867776.
2, 743, 4813
List the prime factors of 45952275.
3, 5, 17, 23, 1567
List the prime factors of 1734834403.
241, 7198483
What are the prime factors of 120289304?
2, 19, 791377
What are the prime factors of 14978936?
2, 7, 267481
List the prime factors of 104170972.
2, 26042743
List the prime factors of 187353224.
2, 19, 29, 2237
List the prime factors of 301646808.
2, 3, 1396513
List the prime factors of 92957172.
2, 3, 7, 11, 37, 2719
What are the prime factors of 13925321?
13925321
What are the prime factors of 41019153?
3, 7, 647, 3019
What are the prime factors of 4227185911?
13, 19, 17114113
List the prime factors of 3425478441.
3, 7, 11, 19, 780469
List the prime factors of 135778844.
2, 23, 191, 7727
List the prime factors of 632979542.
2, 13, 24345367
List the prime factors of 44672223.
3, 2309, 6449
What are the prime factors of 29891252?
2, 239, 31267
What are the prime factors of 771143185?
5, 154228637
What are the prime factors of 21497295?
3, 5, 23, 62311
What are the prime factors of 270455685?
3, 5, 71, 253949
What are the prime factors of 341102254?
2, 131, 769, 1693
List the prime factors of 1904991470.
2, 5, 190499147
What are the prime factors of 797593003?
29, 109, 252323
List the prime factors of 1262800.
2, 5, 7, 11, 41
What are the prime factors of 2756618130?
2, 3, 5, 7, 277, 47389
What are the prime factors of 344419627?
344419627
List the prime factors of 354552538.
2, 177276269
List the prime factors of 31643846.
2, 13, 1217071
What are the prime factors of 47707593?
